{"id":79,"date":"2021-12-07T12:42:13","date_gmt":"2021-12-07T12:42:13","guid":{"rendered":"https:\/\/gramatatzime.sigulda.lv\/?page_id=79"},"modified":"2022-04-13T10:52:13","modified_gmt":"2022-04-13T10:52:13","slug":"par-blogu","status":"publish","type":"page","link":"https:\/\/gramatatzime.sigulda.lv\/index.php\/par-blogu\/","title":{"rendered":"Par blogu"},"content":{"rendered":"\t\t<div data-elementor-type=\"wp-page\" data-elementor-id=\"79\" class=\"elementor elementor-79\">\n\t\t\t\t\t\t<section class=\"elementor-section elementor-top-section elementor-element elementor-element-336d6f5 elementor-section-boxed elementor-section-height-default elementor-section-height-default\" data-id=\"336d6f5\" data-element_type=\"section\">\n\t\t\t\t\t\t<div class=\"elementor-container elementor-column-gap-default\">\n\t\t\t\t\t<div class=\"elementor-column elementor-col-100 elementor-top-column elementor-element elementor-element-378e446\" data-id=\"378e446\" data-element_type=\"column\">\n\t\t\t<div class=\"elementor-widget-wrap elementor-element-populated\">\n\t\t\t\t\t\t<div class=\"elementor-element elementor-element-474e7744 elementor-widget elementor-widget-text-editor\" data-id=\"474e7744\" data-element_type=\"widget\" data-widget_type=\"text-editor.default\">\n\t\t\t\t<div class=\"elementor-widget-container\">\n\t\t\t\t\t\t\t\t\t\n<p>Gr\u0101mat(at)z\u012bme ir Siguldas Valsts \u0123imn\u0101zijas bibliot\u0113kas inici\u0113ts las\u012b\u0161anas veicin\u0101\u0161anas blogs, kur\u0101 aicin\u0101m ikvienu skol\u0113nu p\u0113c pa\u0161a izv\u0113les las\u012bt un v\u0113rt\u0113t gr\u0101matas. Gr\u0101mat(at)z\u012bmes uzdevums ir vienot kop\u0101 gr\u0101matu m\u012b\u013cot\u0101jus, dal\u012bties atsauksm\u0113s par v\u0113rt\u012bgu las\u0101mvielu un ieg\u016bt pieredzi, rakstot p\u0101rdomas par izlas\u012bto.<\/p>\n\n<p>Kad gr\u0101mata ir izlas\u012bta, nov\u0113rt\u0113 to 5 ballu sist\u0113m\u0101, uzraksti br\u012bv\u0101 form\u0101 atsauksmi un izveido att\u0113lu, kas ilustr\u0113 izlas\u012bto gr\u0101matu.<\/p>\n\n<p>Gaid\u012bsim ies\u016bt\u012bt\u0101s atsauksmes un fotogr\u0101fijas bibliot\u0113kas epast\u0101.<\/p>\n\n<p>Las\u012b\u0161ana nav pien\u0101kums, bet prieka avots!<\/p>\n\t\t\t\t\t\t\t\t<\/div>\n\t\t\t\t<\/div>\n\t\t\t\t\t<\/div>\n\t\t<\/div>\n\t\t\t\t\t<\/div>\n\t\t<\/section>\n\t\t\t\t<\/div>\n\t\t","protected":false},"excerpt":{"rendered":"<p>Gr\u0101mat(at)z\u012bme ir Siguldas Valsts \u0123imn\u0101zijas bibliot\u0113kas inici\u0113ts las\u012b\u0161anas veicin\u0101\u0161anas blogs, kur\u0101 aicin\u0101m ikvienu skol\u0113nu p\u0113c pa\u0161a izv\u0113les las\u012bt un v\u0113rt\u0113t gr\u0101matas. Gr\u0101mat(at)z\u012bmes uzdevums ir vienot kop\u0101 gr\u0101matu m\u012b\u013cot\u0101jus, dal\u012bties atsauksm\u0113s par v\u0113rt\u012bgu las\u0101mvielu un ieg\u016bt pieredzi, rakstot p\u0101rdomas par izlas\u012bto. Kad gr\u0101mata ir izlas\u012bta, nov\u0113rt\u0113 to 5 ballu sist\u0113m\u0101, uzraksti br\u012bv\u0101 form\u0101 atsauksmi un izveido [&hellip;]<\/p>\n","protected":false},"author":3,"featured_media":0,"parent":0,"menu_order":0,"comment_status":"closed","ping_status":"closed","template":"","meta":{"footnotes":""},"class_list":["post-79","page","type-page","status-publish","hentry"],"_links":{"self":[{"href":"https:\/\/gramatatzime.sigulda.lv\/index.php\/wp-json\/wp\/v2\/pages\/79","targetHints":{"allow":["GET"]}}],"collection":[{"href":"https:\/\/gramatatzime.sigulda.lv\/index.php\/wp-json\/wp\/v2\/pages"}],"about":[{"href":"https:\/\/gramatatzime.sigulda.lv\/index.php\/wp-json\/wp\/v2\/types\/page"}],"author":[{"embeddable":true,"href":"https:\/\/gramatatzime.sigulda.lv\/index.php\/wp-json\/wp\/v2\/users\/3"}],"replies":[{"embeddable":true,"href":"https:\/\/gramatatzime.sigulda.lv\/index.php\/wp-json\/wp\/v2\/comments?post=79"}],"version-history":[{"count":5,"href":"https:\/\/gramatatzime.sigulda.lv\/index.php\/wp-json\/wp\/v2\/pages\/79\/revisions"}],"predecessor-version":[{"id":129,"href":"https:\/\/gramatatzime.sigulda.lv\/index.php\/wp-json\/wp\/v2\/pages\/79\/revisions\/129"}],"wp:attachment":[{"href":"https:\/\/gramatatzime.sigulda.lv\/index.php\/wp-json\/wp\/v2\/media?parent=79"}],"curies":[{"name":"wp","href":"https:\/\/api.w.org\/{rel}","templated":true}]}}